). Suppose 0 = -5*s + 2 + 53. Suppose n*p = s + 9. Calculate the greatest common divisor of p and 80.
10
Suppose l = -5*t + 128, 21*t - 25*t = -5*l + 408. What is the highest common divisor of l and 8404?
44
Let a(c) = c**2 - 2*c - 6. Let q be a(-4). Let y be 2/(-4) + 4*20/(-32). Let n be (-82)/y - (1 + (-4)/6). What is the greatest common divisor of n and q?
9
Suppose 0 = -t + 1, w + 13 = 4*t. Let o = -4 - -6. Let h be (-2)/6*o*(w + 0). What is the highest common factor of h and 36?
6
Let l(u) = 12096*u**3 - u**2 - 201*u + 201. Let a be l(1). Calculate the greatest common factor of 410 and a.
205
Suppose 7*c - 3*c = -72. Let o = c - -28. Suppose -4*q + 7*q + 4*h - 49 = 0, h = -2*q + 31. What is the highest common divisor of o and q?
5
Let t(o) = 3*o**2 - 125*o + 279. Let y be t(45). Calculate the highest common factor of 567 and y.
81
Let d = 7972 - 7862. What is the greatest common divisor of 5995 and d?
55
Let u(k) = -2093*k + 2193. Let l be u(1). What is the greatest common factor of l and 1720?
20
Let y(s) = 10*s + 5. Let o be y(5). Suppose 100 = -530*u + 550*u. What is the highest common divisor of o and u?
5
Suppose 3*k = -3*g + 13 - 7, k - 4*g = 2. Suppose -1 = -3*q + 2*j, -q - 8*j + 10*j - 5 = 0. What is the greatest common divisor of k and q?
1
Suppose -3*w + v = 343, 5*w + 20*v = 25*v - 585. Let t = 300 + w. Calculate the highest common divisor of 34 and t.
17
Suppose -a - 7*s + 10*s + 260 = 0, -3*s = 0. Calculate the greatest common divisor of 2470 and a.
130
Suppose -o - 4*r = -9*r + 149, 2*o + 4*r + 354 = 0. Let n = o + 191. What is the highest common factor of 22 and n?
22
Suppose -3*d = -9 - 0. Suppose -s + l + 71 = 73, 0 = 2*s + 2*l - 12. Suppose 0 = -8*n + 382 + s. Calculate the highest common factor of n and d.
3
Let b be (54 + -6)/((-3)/(-88)*4). Let z be (b/6)/((-12)/9 - -2). Calculate the highest common factor of 11 and z.
11
Let y be ((-6)/14)/(14/(-98)). Calculate the highest common divisor of 720 and y.
3
Let c = -44454 + 44505. What is the greatest common divisor of 12189 and c?
51
Let p be ((-213)/(-142))/((-2)/(-12)). Calculate the highest common divisor of 61 and p.
1
Suppose -51*d - 164 + 62 = 0. Let f be ((-35)/4)/(1/4). Let k = d - f. Calculate the highest common factor of 165 and k.
33
Let h(p) = -4*p - 130. Let k be h(-32). Let i(u) = 10*u**2 - 8. Let x be i(k). What is the highest common factor of 72 and x?
8
Let f(q) = -q**3 - 11*q**2 + 21*q. Let z = -25 - -11. Let t be f(z). Let r be ((-6)/1)/((-28)/t). What is the highest common factor of r and 42?
21
Let y = -2985 + 4539. What is the highest common factor of 21 and y?
21
Let h = -187 + 191. Suppose -h*w + 17 = -5*d - 285, 2*w - 152 = 2*d. Calculate the highest common factor of 39 and w.
39
Let f(q) = 3*q**2 + 77*q + 481. Let w be f(-9). What is the greatest common divisor of w and 10757?
31
Suppose 6 = -2*q, 15*a = 14*a - q + 37. Calculate the greatest common divisor of a and 530.
10
Suppose 32*u = 33*u + 4. Let h(d) = d**3 + 3*d**2 + d + 24. Let m be h(u). Calculate the greatest common factor of 140 and m.
4
Let b = -17972 - -18507. Calculate the greatest common divisor of b and 3103.
107
Let j = 188 + -186. Suppose 4*m = -5*t + 219, -8*t + 10*t = -j. Calculate the greatest common factor of m and 24.
8
Suppose 0 = -2*l - 5*u, l + 5*u = -3*l - 10. Let r(x) = -x - 8. Let s be r(l). Let q be s/(-6)*58 - -3. What is the highest common factor of 8 and q?
8
Let o be -1*(-504)/18*1/(-4). Let a be 1812/15 + ((-39)/5 - o). What is the highest common divisor of a and 96?
24
Let r = -13430 + 13703. What is the highest common divisor of r and 42?
21
Let i be (-241332)/(-15) - 196/245. What is the highest common divisor of i and 8?
8
Let k(y) = -y**2 + 23*y - 20. Let v be k(14). Let t be -1 - -1 - (-56)/28. Calculate the highest common factor of v and t.
2
Let q(n) = 14*n**2 - 62*n - 30. Let d be q(5). What is the highest common divisor of 78 and d?
2
Let f(o) = 39*o + 33. Let n be f(5). Suppose -69*g + 75*g - n = 0. Calculate the highest common divisor of g and 209.
19
Let z(k) = -16*k**2 - 2*k - 1. Let d be z(-1). Let h = 18 + d. Suppose 3*r + j = 12, 5*j = -r + 3 + 15. Calculate the highest common factor of h and r.
3
Suppose 4*k = 2*h - 176, 21*h = -4*k + 26*h - 164. Let d be k/138 + 1/(9/1308). Calculate the highest common divisor of d and 20.
5
Let h(m) be the third derivative of -m**4/2 + 16*m**3/3 - 96*m**2. Let z be h(-5). Calculate the highest common divisor of 23 and z.
23
Let d(y) = y**2 - 6*y + 8. Let l be d(-10). Let g = 9 + -9. Suppose -7*n + 8*n - 21 = g. Calculate the greatest common divisor of l and n.
21
Let b = 54 - 46. Suppose b*q - 5*k = 5*q + 79, -3*k = 5*q - 75. What is the highest common divisor of 234 and q?
18
Let q(n) = 6*n**2 + 56*n + 240. Let x be q(-4). Calculate the greatest common divisor of x and 432.
16
Suppose -78*q - 3*q = 38*q - 62475. Calculate the highest common divisor of 3080 and q.
35
Let q = -5658 - -7633. Calculate the greatest common factor of 25 and q.
25
Let x(j) = 64*j + 273. Let i be ((-6)/(54/15))/(3/(-18)). Let k be x(i). Calculate the highest common divisor of k and 11.
11
Let s(v) be the third derivative of 0*v**5 + 2*v + 0 - v**3 + 1/120*v**6 - 1/24*v**4 + 28*v**2. Let n be s(3). What is the greatest common factor of 72 and n?
18
Suppose 5*i + 34 = -4*h + 182, 0 = -5*h + i + 156. Let j be ((-64)/1)/((-8)/80). Let u be (j/24)/((-1)/(-3)). What is the greatest common factor of h and u?
16
Let k be 69*(-9 + -6)/(-5). Let q = 215 - k. Calculate the greatest common factor of 456 and q.
8
Let c be (-6)/(-2)*116/(-6). Let u = c + 77. Let l = -11 + u. What is the greatest common factor of 64 and l?
8
Suppose -5*a - 3212 = -x, 6 = -988*a + 991*a. Calculate the highest common factor of 198 and x.
18
Suppose -6*o - 5*c + 231 = 0, -5*o - 104*c + 171 = -107*c. Calculate the greatest common divisor of 1002 and o.
6
Let f = -100 + -8. Let c be f/(-288) + (-45)/(-8). Calculate the highest common factor of c and 62.
2
Suppose 0 = 172*z - 48163 - 62777. What is the highest common factor of z and 75?
15
Let p(y) = 5*y**3 - 3*y**2 + 8*y - 3. Let u be p(3). Let j = 92 + u. Let c = j + -117. What is the highest common divisor of c and 13?
13
Suppose 40 = 65*y - 415. Calculate the greatest common factor of 47 and y.
1
Let m = 4 + 23. Let d be (-195)/m + 7 + (-542)/(-9). What is the greatest common factor of 24 and d?
12
Let c be (-1 - 2 - 5) + 6 + 802. Calculate the greatest common divisor of 64 and c.
32
Let b = 355 + -176. Suppose 369 = -2*k - 5*o, k + b = 2*o + o. Let z be 2/(8/(-6))*k/7. What is the greatest common divisor of z and 52?
13
Suppose 643*h - 327*h - 322*h + 56682 = 0. Calculate the greatest common factor of 188 and h.
47
Suppose -l = -2*l + g - 9, -2*g = 8. Let m be ((l - -5)/(-4))/(-2) + 111. Calculate the highest common divisor of 10 and m.
10
Suppose 31*y - 11480 = 77428. What is the greatest common factor of 24 and y?
12
Let m be (-99)/(-2)*10*2/15. Let d(z) = -44*z - 246. Let a be d(-6). What is the greatest common factor of m and a?
6
Let p(s) = -2*s**2 + 53*s - 9. Let m be p(25). Let u = 379 - 225. Calculate the greatest common divisor of u and m.
22
Let y(f) = 22*f + 157. Let m be y(-7). Suppose -m*d = 2*c - 31, -5*c + 11*d + 67 = 8*d. Calculate the highest common factor of c and 126.
14
Suppose 3*y + 4*y = 14. Suppose -8*v = -2*v + 18. Let n be (-1)/v*-3 + (8 - 0). What is the greatest common divisor of y and n?
1
Let s = -328 + 552. Suppose -t + k + 27 = 0, -7 = -3*k - 19. Suppose t*a - 1074 = -338. Calculate the greatest common factor of a and s.
32
Let y be (273/(-14))/(-13) - 4/8. Calculate the greatest common factor of y and 37.
1
Let a be 19 + (0 - 7/(-7)). Suppose -2*c - 14 = 60. Let o = c - -97. Calculate the greatest common divisor of a and o.
20
Let t(f) = f**2 + 5*f + 1. Let h be t(-4). Let z be 1 - h/(3/11). Let a = -150188 + 150200. Calculate the greatest common divisor of z and a.
12
Let x = 58 + -123. Let m = 175 + -234. Let p = m - x. Calculate the highest common divisor of 66 and p.
6
Let w be (-6)/(-14) - (-1791)/(-63). Let a be w/(-8) + (-1)/2. Let f(u) = -65*u + 393. Let y be f(6). What is the greatest common factor of a and y?
3
Let y(a) = a**3 - 70*a**2 - 622*a + 15. Let l be y(78). 